9. Determine u(10).
-71
Let p(u) = u**2 - 10*u + 25. Calculate p(10).
25
Let h(t) = 2*t + 8. Determine h(-4).
0
Let o(c) = 3*c + 25. Calculate o(-14).
-17
Let q(x) = -2*x**2 + 5*x - 3. Determine q(3).
-6
Let x(j) = 55*j + 1. Determine x(-1).
-54
Let a(u) = -u**3 - 4*u**2 + 2. What is a(-2)?
-6
Let h(y) = y**3 - 8*y**2 - 7*y - 11. Give h(9).
7
Let a(m) = -2*m + 4. Give a(4).
-4
Let p(s) = -s**2 + 5*s - 7. What is p(5)?
-7
Let c(z) = z**2 - 31*z - 72. What is c(34)?
30
Let y(u) = u**2 + 5*u - 21. What is y(-5)?
-21
Let h(j) = -j**2 + 7*j + 17. Calculate h(9).
-1
Let a(h) = h**3 + 13*h**2 - h + 3. Determine a(-13).
16
Let q(f) = -2*f**3 + 20*f**2 - 7*f + 60. Determine q(10).
-10
Let i(v) = v**3 + 8*v**2 - v - 20. Determine i(-9).
-92
Let b(c) = 2*c**2 + 8*c - 31. Give b(-6).
-7
Let n(x) = -4*x - 15. Calculate n(-9).
21
Let h(t) = -5*t - 30. Give h(-5).
-5
Let g(m) = -5*m**3 + 6*m**2 - 4*m + 7. Give g(3).
-86
Let n(c) = -c**2 - 2*c + 27. What is n(-7)?
-8
Let a(r) = 5*r**3 - 2*r**2 - r + 3. Give a(-3).
-147
Let d(y) = y**2 + 34*y + 36. Calculate d(-26).
-172
Let u(d) = 2*d**3 + 4*d**2 + d + 41. Calculate u(0).
41
Let z(h) = 2*h - 10. Calculate z(6).
2
Let o(v) = v**2 + 45*v + 115. Calculate o(-42).
-11
Let s(g) = -12*g**2 + 5*g - 7. Give s(3).
-100
Let l(u) = 8*u - 8. Give l(3).
16
Let t(l) = l**3 + 12*l**2 + 23*l - 7. What is t(-7)?
77
Let f(z) = z - 12. What is f(11)?
-1
Let z(w) = -3*w + 6. Give z(3).
-3
Let m(s) = -27*s**2 - 2*s. Calculate m(-1).
-25
Let l(m) = -16*m + 699. Give l(44).
-5
Let z(y) = 2*y**3 + 7*y**2 + 3*y - 5. Give z(-5).
-95
Let x(h) = h**2 + 6*h + 6. Calculate x(-8).
22
Let j(p) = -p**3 - 7*p**2 + 4*p - 16. What is j(-8)?
16
Let l(m) = -m**3 + 14*m**2 - 14*m + 2. Determine l(13).
-11
Let y(a) = a**3 + 19*a**2 - 43*a - 19. Give y(-21).
2
Let v(a) = 24*a + 53. What is v(-2)?
5
Let m(v) = v**3 - 3*v**2 - 10*v + 13. Calculate m(5).
13
Let s(o) = 2*o**2 - 9*o + 7. Calculate s(4).
3
Let m(c) = c**3 + 3. What is m(2)?
11
Let w(x) = -2*x + 15. Calculate w(5).
5
Let r(m) = -m**3 + m**2 - m + 15. Give r(0).
15
Let o(g) = -g**3 + 11*g**2 + 12*g. Determine o(12).
0
Let b(r) = -r**3 - 6*r**2 + 4. Give b(-6).
4
Let j(w) = w - 16. What is j(18)?
2
Let u(d) = 3*d - 5. Calculate u(5).
10
Let s(k) = -k + 5. Give s(-3).
8
Let s(j) = -j - 1. Give s(-15).
14
Let b(k) = -k**2 - 12*k + 13. Give b(-12).
13
Let g(u) = 5*u**3 - 3*u**2 - u + 1. Give g(-2).
-49
Let f(a) = -3*a - 37. Determine f(-13).
2
Let y(w) = -20*w - 291. Give y(-14).
-11
Let m(i) = -2*i**2 - 11*i - 8. Give m(-5).
-3
Let x(z) = -z**3 - 21*z**2 - 10. Calculate x(-21).
-10
Let v(u) = 14*u**3 + u + 1. Calculate v(-1).
-14
Let p(n) = 9*n - 5. Calculate p(-4).
-41
Let x(u) = 23*u - 5. Calculate x(6).
133
Let s(f) = -f - 10. Calculate s(-4).
-6
Let g(u) = -2*u**3 + 3*u**2 + 3*u + 5. Give g(-3).
77
Let k(b) = b**3 + 10*b**2 - 16. Give k(-10).
-16
Let a(s) = -5*s**2 + 28*s + 14. Give a(6).
2
Let z(b) = -2*b**3 - 2*b**2 - 2*b + 9. Give z(-4).
113
Let o(i) = i**3 + 16*i**2 + 28*i - 4. Determine o(-14).
-4
Let w(o) = o**2 - 11*o + 23. Give w(7).
-5
Let v(u) = -u**2 - 50*u - 558. Give v(-33).
3
Let d(b) = 3*b - 10. Give d(-10).
-40
Let k(y) = y**2 - 28*y + 50. Give k(6).
-82
Let k(s) = -s**2 + 3*s + 127. Determine k(0).
127
Let g(o) = o**3 - 9*o**2 + 17*o - 15. Determine g(7).
6
Let d(v) = -v + 2. Determine d(2).
0
Let h(z) = 8*z**2 - 58*z + 13. Determine h(7).
-1
Let m(y) = -y - 1. Calculate m(-8).
7
Let c(r) = 2*r**2 - 21*r - 3. Give c(11).
8
Let y(b) = b**2 - 10*b - 10. Give y(12).
14
Let l(z) = z**2 + 18*z + 28. What is l(-18)?
28
Let p(j) = j**3 - 15*j**2 - 75*j - 10. Determine p(-4).
-14
Let q(g) = g**2 + 42*g - 340. Determine q(7).
3
Let f(v) = v**2 - 11*v + 9. Determine f(8).
-15
Let f(n) = n**3 - 6*n**2 - 3*n - 2. Calculate f(6).
-20
Let v(j) = 5*j**2 - j + 2. Give v(3).
44
Let u(k) = k**3 + 35*k**2 - 73*k - 15. Calculate u(-37).
-52
Let b(f) = -f + 10. Determine b(-5).
15
Let g(s) = s**3 + 4*s**2. Determine g(-3).
9
Let l(y) = -y + 22. Determine l(8).
14
Let d(k) = -3*k + 21. What is d(5)?
6
Let r(y) = y**3 - 23*y**2 + 45*y + 7. Determine r(21).
70
Let l(g) = -7*g + 133. Determine l(17).
14
Let u(j) = j**2 + 6*j + 8. Calculate u(-5).
3
Let w(t) = -2*t - 24. Calculate w(-9).
-6
Let r(l) = l**3 - 36*l**2 - 76*l. Give r(38).
0
Let m(z) = z**2 + 14*z + 39. Determine m(-9).
-6
Let k(v) = 9*v - 57. What is k(6)?
-3
Let z(s) = -68*s + 137. Give z(2).
1
Let f(u) = u**3 - 5*u**2 + 6*u - 10. What is f(4)?
-2
Let y(a) = a**2 + 18*a + 11. Calculate y(-17).
-6
Let w(f) = f**3 + 9*f**2 + 8*f + 3. Calculate w(-8).
3
Let x(w) = -21*w - 204. What is x(-11)?
27
Let z(q) = 2*q + 28. What is z(-14)?
0
Let p(o) = 2*o**3 - 122*o**2 + o - 71. Calculate p(61).
-10
Let w(l) = -15*l**2 - l - 2. Determine w(-1).
-16
Let r(s) = -s**2 + 4*s - 3. Give r(3).
0
Let g(n) = n**3 - 12*n**2 + 19*n - 4. Determine g(11).
84
Let a(q) = 15*q + 2. Calculate a(-3).
-43
Let d(j) = -j**2 + 7*j + 3. Determine d(6).
9
Let t(b) = -b**3 - 4*b**2 + 6*b + 6. Calculate t(-4).
-18
Let w(j) = -j**2 + 20*j + 45. Calculate w(22).
1
Let h(v) = -v**3 + 7*v**2 + 5*v + 3. Determine h(6).
69
Let c(h) = h**2 + 19*h + 26. Give c(-17).
-8
Let c(r) = -r**3 - 20*r**2 - 19*r - 2. Give c(-19).
-2
Let g(w) = w**3 + 4*w**2 - 4*w. Determine g(-5).
-5
Let w(v) = 4*v - 101. What is w(24)?
-5
Let y(f) = f**3 - 2*f**2 + 4*f - 3. Give y(3).
18
Let u(v) = -3*v + 40. Determine u(8).
16
Let t(g) = 7*g**2 + 11*g - 14. Give t(3).
82
Let z(g) = -22*g - 105. Calculate z(-5).
5
Let x(u) = u**3 - 2*u**2 - 9*u + 10. Determine x(5).
40
Let j(r) = -r**3 - 33*r**2 + 2*r + 64. Give j(-33).
-2
Let w(f) = -f**3 + 7*f**2 + 9*f + 2. What is w(8)?
10
Let a(b) = -b**2 + 5*b + 10. What is a(9)?
-26
Let p(w) = w - 14. What is p(8)?
-6
Let x(t) = t - 18. What is x(10)?
-8
Let z(w) = 2*w**3 + 7*w**2 + 19*w + 51. Determine z(-3).
3
Let b(h) = -h**2 - 8*h - 10. Determine b(-8).
-10
Let q(s) = -s**2 + 37*s + 921. Give q(54).
3
Let k(d) = d**3 + 16*d**2 + 29*d - 2. Calculate k(-14).
-16
Let u(j) = -j**3 - 7*j**2 + 10*j + 13. Calculate u(-8).
-3
Let i(q) = -q**3 + 11*q**2 - 18*q + 7. Calculate i(9).
7
Let f(w) = 13*w + 827. Give f(-64).
-5
Let x(f) = f**3 - 11*f**2 + 16*f + 12. Determine x(9).
-6
Let q(i) = -27*i - 55. Give q(-2).
-1
Let f(j) = j**3 - 7*j**2 + 3*j - 13. Calculate f(6).
-31
Let n(o) = -23*o**3 + o. Calculate n(-1).
22
Let a(l) = 40*l - 2. Give a(-1).
-42
Let n(k) = -k**2 + 14*k - 16. Give n(10).
24
Let q(y) = -126*y - 624. Calculate q(-5).
6
Let k(x) = -2*x - 53. Determine k(-17).
-19
Let p(r) = -r**3 - 7*r**2 - 6*r + 11. Determine p(-6).
11
Let a(x) = -x**3 - 22*x**2 - 40*x - 2. Calculate a(-20).
-2
Let i(t) = t**3 + 2. Determine i(2).
10
Let n(z) = z**2 - z. Determine n(-5).
30
Let f(b) = -4*b**2 + 3*b + 2. Give f(-1).
-5
Let w(k) = k**3 + 22*k**2 + 22*k + 45. Give w(-21).
24
Let g(n) = 59*n**3 + 2*n**2 + 2*n + 1. What is g(-1)?
-58
Let b(w) = -22*w + 817. Calculate b(37).
3
Let p(u) = 42*u - 131. Give p(3).
-5
Let f(s) = -4*s**3 - 2*s**2 + 2*s - 1. What is f(1)?
-5
Let d(z) = z**2 - 10*z + 2. What is d(10)?
2
Let q(h) = -h**3 - h**2 - h + 6. What is q(2)?
-8
Let z(t) = -18*t - 125. Determine z(-8).
19
Let o(l) = l**2 + 20*l - 34. What is o(-23)?
35
Let i(l) = l**3 + l**2 - 4*l - 1. Determine i(-2).
3
Let l(n) = -n + 15. What is l(-7)?
22
Let f(n) = 2*n**2 + 6*n - 11. Give f(2).
9
Let m(c) = 9*c - 300. Calculate m(33).
-3
Let z(w) = -2*w**2 + 5*w + 4. Calculate z(-1).
-3
Let f(t) = -9*t + 15. What is f(2)?
-3
Let l(f) = -11*f - 44. Calculate l(-3).
-11
Let f(u) = -49*u - 4. Give f(-1).
45
Let j(o) = -o**3 - 5*o**2 - 9*o - 10. Calculate j(-2).
-4
Let v(o) = o**3 + 3*o**2 - 7*o - 8. What is v(-4)?
4
Let l(a) = a**3 - 10*a**2 + 10*a + 2. Determine l(9).
11
Let o(v) = 3*v - 4. What is o(4)?
8
Let x(m) = m**2 - m + 3. Give x(5).
23
Let m(f) = f**3 + 9*f**2 + 9*f - 2. Give m(-8).
-10
Let u(a) = -a**3 - 5*a**2. Determine u(-7).
98
Let v(q) = q**3 - 15*q**2 - 35*q + 14. Determine v(17).
-3
Let p(i) = -i**3 + 6*i**2 - i - 8. Determine p(6).
-14
Let h(d) = -3*d**3 + 6*d**2 - 4*d - 2. Determine h(2).
-10
Let a(p) = p**2 - 16*p - 106. Calculate a(21).
-1
Let s(a) = -a**2 - 4*a - 1. What is s(-3)?
2
Let h(z) = 4*z**2 + 28*z + 50. Determine h(-5).
10
Let b(t) = 7*t**2 + 2*t + 4